	{"id":732,"date":"2023-05-15T21:17:02","date_gmt":"2023-05-15T19:17:02","guid":{"rendered":"https:\/\/sereconnecteralavie.com\/?page_id=732"},"modified":"2023-05-15T21:37:41","modified_gmt":"2023-05-15T19:37:41","slug":"medecines-naturelles","status":"publish","type":"page","link":"https:\/\/sereconnecteralavie.com\/index.php\/medecines-naturelles\/","title":{"rendered":"M\u00e9decines Naturelles"},"content":{"rendered":"<div class=\"wp-block-image\">\n<figure class=\"aligncenter size-large is-resized\"><img loading=\"lazy\" decoding=\"async\" src=\"https:\/\/sereconnecteralavie.com\/wp-content\/uploads\/2020\/11\/conference.jpg\" alt=\"\" class=\"wp-image-141\" width=\"280\" height=\"145\"\/><\/figure>\n<\/div>\n\n<p>&nbsp;<\/p>\n\n\n<p>On reconna\u00eet g\u00e9n\u00e9ralement cinq cat\u00e9gories de m\u00e9decines compl\u00e9mentaires ou alternatives:<\/p>\n\n\n\n<ul class=\"wp-block-list\">\n<li>Syst\u00e8mes de m\u00e9decine alternative<\/li>\n\n\n\n<li>M\u00e9decine corps-esprit<\/li>\n\n\n\n<li>Pratiques biologiques non utilis\u00e9es habituellement en m\u00e9decine conventionnelle<\/li>\n\n\n\n<li>Manipulations et th\u00e9rapies corporelles<\/li>\n\n\n\n<li>M\u00e9decines \u00e9nerg\u00e9tiques<\/li>\n<\/ul>\n","protected":false},"excerpt":{"rendered":"<p>&nbsp; On reconna\u00eet g\u00e9n\u00e9ralement cinq cat\u00e9gories de m\u00e9decines compl\u00e9mentaires ou alternatives:<\/p>\n","protected":false},"author":2,"featured_media":0,"parent":0,"menu_order":0,"comment_status":"closed","ping_status":"closed","template":"","meta":{"footnotes":""},"class_list":["post-732","page","type-page","status-publish","hentry"],"_links":{"self":[{"href":"https:\/\/sereconnecteralavie.com\/index.php\/wp-json\/wp\/v2\/pages\/732","targetHints":{"allow":["GET"]}}],"collection":[{"href":"https:\/\/sereconnecteralavie.com\/index.php\/wp-json\/wp\/v2\/pages"}],"about":[{"href":"https:\/\/sereconnecteralavie.com\/index.php\/wp-json\/wp\/v2\/types\/page"}],"author":[{"embeddable":true,"href":"https:\/\/sereconnecteralavie.com\/index.php\/wp-json\/wp\/v2\/users\/2"}],"replies":[{"embeddable":true,"href":"https:\/\/sereconnecteralavie.com\/index.php\/wp-json\/wp\/v2\/comments?post=732"}],"version-history":[{"count":4,"href":"https:\/\/sereconnecteralavie.com\/index.php\/wp-json\/wp\/v2\/pages\/732\/revisions"}],"predecessor-version":[{"id":739,"href":"https:\/\/sereconnecteralavie.com\/index.php\/wp-json\/wp\/v2\/pages\/732\/revisions\/739"}],"wp:attachment":[{"href":"https:\/\/sereconnecteralavie.com\/index.php\/wp-json\/wp\/v2\/media?parent=732"}],"curies":[{"name":"wp","href":"https:\/\/api.w.org\/{rel}","templated":true}]}}