	{"id":551,"date":"2020-11-28T16:40:22","date_gmt":"2020-11-28T15:40:22","guid":{"rendered":"http:\/\/sereconnecteralavie.com\/?page_id=551"},"modified":"2024-10-31T23:42:39","modified_gmt":"2024-10-31T22:42:39","slug":"laure","status":"publish","type":"page","link":"https:\/\/sereconnecteralavie.com\/index.php\/livre-dor\/laure\/","title":{"rendered":"Livre d&rsquo;or"},"content":{"rendered":"\n<div class=\"wp-block-image\"><figure class=\"aligncenter size-large\"><img loading=\"lazy\" decoding=\"async\" width=\"260\" height=\"145\" src=\"http:\/\/sereconnecteralavie.com\/wp-content\/uploads\/2020\/11\/laure.jpg\" alt=\"\" class=\"wp-image-552\"\/><\/figure><\/div>\n\n\n\n<p>Laure, le 14 F\u00e9vrier 2020<\/p>\n\n\n\n<p>Bonjour Catherine,<\/p>\n\n\n\n<p>Voici comme je te l&rsquo;avais promis mon retour \u00e9crit suite \u00e0 mon <strong>soin reconnectif. Les effets ont \u00e9t\u00e9 imm\u00e9diats.<\/strong> J&rsquo;ai ressenti un vide mais une grande <strong>qui\u00e9tude int\u00e9rieure<\/strong>, plus de cumuls de pens\u00e9es parasites, un sentiment surprenant que rien ne pouvait m&rsquo;agacer parmi les petits tracas quotidiens mais aussi j&rsquo;accueillais les difficult\u00e9s plus cons\u00e9quentes avec plus de recul.<br>J&rsquo;appr\u00e9hendais et j&rsquo;appr\u00e9hende toujours depuis les situations de fa\u00e7on positive. Et \u00e9tonnamment avec le recul je me suis rendu compte \u00e9galement que j&rsquo;\u00e9tais beaucoup moins, voire plus du tout, dans le jugement. J&rsquo;accepte plus facilement les incoh\u00e9rences ou les maladresses des autres sans me sentir bless\u00e9e ou frustr\u00e9e.<br>J&rsquo;ai \u00e9galement ressenti <strong>un effet aupr\u00e8s de mes enfants.<\/strong> Depuis plusieurs semaines j&rsquo;avais du mal \u00e0 les canaliser, me laissant d\u00e9border par leur \u00e9nergie sans limites (\u00e0 2 et 4 ans, naturellement ils font leurs exp\u00e9riences de coop\u00e9ration), et depuis le soin reconnectif je constate <strong>une nette am\u00e9lioration de leur \u00e9coute et de ma patience,<\/strong> m\u00eame si je faisais d\u00e9j\u00e0 preuve d&rsquo;une grande empathie. Je vis les situations avec confiance. J&rsquo;ai donc \u00e9limin\u00e9 beaucoup de stress inutile du quotidien car je relativise sans m&rsquo;en rendre compte. J&rsquo;\u00e9tais \u00e0 la recherche de ce bien-\u00eatre int\u00e9rieur depuis longtemps. J&rsquo;ai pourtant essay\u00e9 beaucoup de m\u00e9thodes qui m&rsquo;ont chacune fait avancer un peu mais celle-ci m&rsquo;a impressionn\u00e9e par sa douceur et sa rapidit\u00e9 et surtout son efficacit\u00e9 \u00e9vidente.<br><strong>Je n&rsquo;avais pas d&rsquo;objectif particulier<\/strong> si ce n&rsquo;est <strong>trouver une paix int\u00e9rieure<\/strong> car tiraill\u00e9e par un sentiment de sur place et d&rsquo;\u00eatre en questionnement perp\u00e9tuel sur moi-m\u00eame et je suis vraiment <strong>sortie de cet enfermement.<\/strong><br>Je souhaite que tu puisses aider beaucoup d&rsquo;autres personnes \u00e0 trouver cette paix int\u00e9rieure, cette bouff\u00e9e d&rsquo;air.<br><strong>Je te remercie et je n&rsquo;h\u00e9siterai pas revenir te voir pour maintenir ce pr\u00e9cieux taux vibratoire.<\/strong><\/p>\n\n\n\n<p>A tr\u00e8s bient\u00f4t<\/p>\n\n\n\n<p>Laure<\/p>\n\n\n\n<div class=\"wp-block-image\"><figure class=\"aligncenter size-large\"><img loading=\"lazy\" decoding=\"async\" width=\"333\" height=\"30\" src=\"http:\/\/sereconnecteralavie.com\/wp-content\/uploads\/2020\/11\/paragr.gif\" alt=\"\" class=\"wp-image-266\"\/><\/figure><\/div>\n","protected":false},"excerpt":{"rendered":"<p>Laure, le 14 F\u00e9vrier 2020 Bonjour Catherine, Voici comme je te l&rsquo;avais promis mon retour \u00e9crit suite \u00e0 mon soin reconnectif. Les effets ont \u00e9t\u00e9 imm\u00e9diats. J&rsquo;ai ressenti un vide mais une grande qui\u00e9tude int\u00e9rieure, plus de cumuls de pens\u00e9es parasites, un sentiment surprenant que rien ne pouvait m&rsquo;agacer parmi les petits tracas quotidiens mais &hellip; <\/p>\n<p class=\"link-more\"><a href=\"https:\/\/sereconnecteralavie.com\/index.php\/livre-dor\/laure\/\" class=\"more-link\">Continuer la lecture<span class=\"screen-reader-text\"> de &laquo;&nbsp;Livre d&rsquo;or&nbsp;&raquo;<\/span><\/a><\/p>\n","protected":false},"author":1,"featured_media":0,"parent":185,"menu_order":0,"comment_status":"closed","ping_status":"closed","template":"","meta":{"footnotes":""},"class_list":["post-551","page","type-page","status-publish","hentry"],"_links":{"self":[{"href":"https:\/\/sereconnecteralavie.com\/index.php\/wp-json\/wp\/v2\/pages\/551","targetHints":{"allow":["GET"]}}],"collection":[{"href":"https:\/\/sereconnecteralavie.com\/index.php\/wp-json\/wp\/v2\/pages"}],"about":[{"href":"https:\/\/sereconnecteralavie.com\/index.php\/wp-json\/wp\/v2\/types\/page"}],"author":[{"embeddable":true,"href":"https:\/\/sereconnecteralavie.com\/index.php\/wp-json\/wp\/v2\/users\/1"}],"replies":[{"embeddable":true,"href":"https:\/\/sereconnecteralavie.com\/index.php\/wp-json\/wp\/v2\/comments?post=551"}],"version-history":[{"count":3,"href":"https:\/\/sereconnecteralavie.com\/index.php\/wp-json\/wp\/v2\/pages\/551\/revisions"}],"predecessor-version":[{"id":559,"href":"https:\/\/sereconnecteralavie.com\/index.php\/wp-json\/wp\/v2\/pages\/551\/revisions\/559"}],"up":[{"embeddable":true,"href":"https:\/\/sereconnecteralavie.com\/index.php\/wp-json\/wp\/v2\/pages\/185"}],"wp:attachment":[{"href":"https:\/\/sereconnecteralavie.com\/index.php\/wp-json\/wp\/v2\/media?parent=551"}],"curies":[{"name":"wp","href":"https:\/\/api.w.org\/{rel}","templated":true}]}}

<div class="wp-block-image"><figure class="aligncenter size-large"><img loading="lazy" decoding="async" width="260" height="145" src="http://sereconnecteralavie.com/wp-content/uploads/2020/11/laure.jpg" alt="" class="wp-image-552"/></figure></div>



<p>Laure, le 14 Février 2020</p>



<p>Bonjour Catherine,</p>



<p>Voici comme je te l&rsquo;avais promis mon retour écrit suite à mon <strong>soin reconnectif. Les effets ont été immédiats.</strong> J&rsquo;ai ressenti un vide mais une grande <strong>quiétude intérieure</strong>, plus de cumuls de pensées parasites, un sentiment surprenant que rien ne pouvait m&rsquo;agacer parmi les petits tracas quotidiens mais aussi j&rsquo;accueillais les difficultés plus conséquentes avec plus de recul.<br>J&rsquo;appréhendais et j&rsquo;appréhende toujours depuis les situations de façon positive. Et étonnamment avec le recul je me suis rendu compte également que j&rsquo;étais beaucoup moins, voire plus du tout, dans le jugement. J&rsquo;accepte plus facilement les incohérences ou les maladresses des autres sans me sentir blessée ou frustrée.<br>J&rsquo;ai également ressenti <strong>un effet auprès de mes enfants.</strong> Depuis plusieurs semaines j&rsquo;avais du mal à les canaliser, me laissant déborder par leur énergie sans limites (à 2 et 4 ans, naturellement ils font leurs expériences de coopération), et depuis le soin reconnectif je constate <strong>une nette amélioration de leur écoute et de ma patience,</strong> même si je faisais déjà preuve d&rsquo;une grande empathie. Je vis les situations avec confiance. J&rsquo;ai donc éliminé beaucoup de stress inutile du quotidien car je relativise sans m&rsquo;en rendre compte. J&rsquo;étais à la recherche de ce bien-être intérieur depuis longtemps. J&rsquo;ai pourtant essayé beaucoup de méthodes qui m&rsquo;ont chacune fait avancer un peu mais celle-ci m&rsquo;a impressionnée par sa douceur et sa rapidité et surtout son efficacité évidente.<br><strong>Je n&rsquo;avais pas d&rsquo;objectif particulier</strong> si ce n&rsquo;est <strong>trouver une paix intérieure</strong> car tiraillée par un sentiment de sur place et d&rsquo;être en questionnement perpétuel sur moi-même et je suis vraiment <strong>sortie de cet enfermement.</strong><br>Je souhaite que tu puisses aider beaucoup d&rsquo;autres personnes à trouver cette paix intérieure, cette bouffée d&rsquo;air.<br><strong>Je te remercie et je n&rsquo;hésiterai pas revenir te voir pour maintenir ce précieux taux vibratoire.</strong></p>



<p>A très bientôt</p>



<p>Laure</p>



<div class="wp-block-image"><figure class="aligncenter size-large"><img loading="lazy" decoding="async" width="333" height="30" src="http://sereconnecteralavie.com/wp-content/uploads/2020/11/paragr.gif" alt="" class="wp-image-266"/></figure></div>

<p>Laure, le 14 Février 2020 Bonjour Catherine, Voici comme je te l&rsquo;avais promis mon retour écrit suite à mon soin reconnectif. Les effets ont été immédiats. J&rsquo;ai ressenti un vide mais une grande quiétude intérieure, plus de cumuls de pensées parasites, un sentiment surprenant que rien ne pouvait m&rsquo;agacer parmi les petits tracas quotidiens mais &hellip; </p>
<p class="link-more"><a href="https://sereconnecteralavie.com/index.php/livre-dor/laure/" class="more-link">Continuer la lecture<span class="screen-reader-text"> de &laquo;&nbsp;Livre d&rsquo;or&nbsp;&raquo;</span></a></p>
