	{"id":519,"date":"2020-11-28T16:06:51","date_gmt":"2020-11-28T15:06:51","guid":{"rendered":"http:\/\/sereconnecteralavie.com\/?page_id=519"},"modified":"2024-10-31T23:41:50","modified_gmt":"2024-10-31T22:41:50","slug":"francoise","status":"publish","type":"page","link":"https:\/\/sereconnecteralavie.com\/index.php\/livre-dor\/francoise\/","title":{"rendered":"Livre d&rsquo;or"},"content":{"rendered":"\n<div class=\"wp-block-image\"><figure class=\"aligncenter size-large\"><img loading=\"lazy\" decoding=\"async\" width=\"260\" height=\"135\" src=\"http:\/\/sereconnecteralavie.com\/wp-content\/uploads\/2020\/11\/francoise.jpg\" alt=\"\" class=\"wp-image-520\"\/><\/figure><\/div>\n\n\n\n<p>Fran\u00e7oise, le 26 septembre 2017,<br><br>Je suis venue voir Catherine sur recommandation, pourtant j&rsquo;habite loin de son cabinet et ne conduis pas.<br>Je faisais des crises de bipolarit\u00e9 et un d\u00e9but de fibromyalgie. Je n&rsquo;avais pas le moral.<br><br><strong>Je remercie Catherine pour ses soins.<br>Depuis je suis tr\u00e8s positive.<br>Je me sens beaucoup mieux, \u00e0 ne plus douter de moi et de tout &#8230;<br>Une harmonie r\u00e8gne dans ma demeure et c&rsquo;est g\u00e9nial&#8230;<br>J&rsquo; arrive maintenant \u00e0 me d\u00e9tendre et m\u00e9diter.<br>Encore milles merci Catherine.<\/strong><br><br>Je vais continuer \u00e0 vous demander des soins \u00e0 distance de temps \u00e0 autre<br>histoire d&rsquo;entretenir la lumi\u00e8re qui est en moi&#8230;<br>et \u00e0 voir&#8230; pour mon fils Louann hyperactif sous traitement.<br><br>Bonne continuation.<\/p>\n\n\n\n<div class=\"wp-block-image\"><figure class=\"aligncenter size-large\"><img loading=\"lazy\" decoding=\"async\" width=\"333\" height=\"30\" src=\"http:\/\/sereconnecteralavie.com\/wp-content\/uploads\/2020\/11\/paragr.gif\" alt=\"\" class=\"wp-image-266\"\/><\/figure><\/div>\n","protected":false},"excerpt":{"rendered":"<p>Fran\u00e7oise, le 26 septembre 2017, Je suis venue voir Catherine sur recommandation, pourtant j&rsquo;habite loin de son cabinet et ne conduis pas.Je faisais des crises de bipolarit\u00e9 et un d\u00e9but de fibromyalgie. Je n&rsquo;avais pas le moral. Je remercie Catherine pour ses soins.Depuis je suis tr\u00e8s positive.Je me sens beaucoup mieux, \u00e0 ne plus douter &hellip; <\/p>\n<p class=\"link-more\"><a href=\"https:\/\/sereconnecteralavie.com\/index.php\/livre-dor\/francoise\/\" class=\"more-link\">Continuer la lecture<span class=\"screen-reader-text\"> de &laquo;&nbsp;Livre d&rsquo;or&nbsp;&raquo;<\/span><\/a><\/p>\n","protected":false},"author":1,"featured_media":0,"parent":185,"menu_order":0,"comment_status":"closed","ping_status":"closed","template":"","meta":{"footnotes":""},"class_list":["post-519","page","type-page","status-publish","hentry"],"_links":{"self":[{"href":"https:\/\/sereconnecteralavie.com\/index.php\/wp-json\/wp\/v2\/pages\/519","targetHints":{"allow":["GET"]}}],"collection":[{"href":"https:\/\/sereconnecteralavie.com\/index.php\/wp-json\/wp\/v2\/pages"}],"about":[{"href":"https:\/\/sereconnecteralavie.com\/index.php\/wp-json\/wp\/v2\/types\/page"}],"author":[{"embeddable":true,"href":"https:\/\/sereconnecteralavie.com\/index.php\/wp-json\/wp\/v2\/users\/1"}],"replies":[{"embeddable":true,"href":"https:\/\/sereconnecteralavie.com\/index.php\/wp-json\/wp\/v2\/comments?post=519"}],"version-history":[{"count":2,"href":"https:\/\/sereconnecteralavie.com\/index.php\/wp-json\/wp\/v2\/pages\/519\/revisions"}],"predecessor-version":[{"id":523,"href":"https:\/\/sereconnecteralavie.com\/index.php\/wp-json\/wp\/v2\/pages\/519\/revisions\/523"}],"up":[{"embeddable":true,"href":"https:\/\/sereconnecteralavie.com\/index.php\/wp-json\/wp\/v2\/pages\/185"}],"wp:attachment":[{"href":"https:\/\/sereconnecteralavie.com\/index.php\/wp-json\/wp\/v2\/media?parent=519"}],"curies":[{"name":"wp","href":"https:\/\/api.w.org\/{rel}","templated":true}]}}