	{"id":477,"date":"2020-11-28T13:36:27","date_gmt":"2020-11-28T12:36:27","guid":{"rendered":"http:\/\/sereconnecteralavie.com\/?page_id=477"},"modified":"2024-10-31T23:46:12","modified_gmt":"2024-10-31T22:46:12","slug":"valerie","status":"publish","type":"page","link":"https:\/\/sereconnecteralavie.com\/index.php\/livre-dor\/valerie\/","title":{"rendered":"Livre d&rsquo;or"},"content":{"rendered":"\n<div class=\"wp-block-image\"><figure class=\"aligncenter size-large\"><img loading=\"lazy\" decoding=\"async\" width=\"250\" height=\"125\" src=\"http:\/\/sereconnecteralavie.com\/wp-content\/uploads\/2020\/11\/valerie.jpg\" alt=\"\" class=\"wp-image-478\"\/><\/figure><\/div>\n\n\n\n<p>Val\u00e9rie, le 27 mai 2017<br><br>Bonjour Catherine,<br><br>Ce dernier soin reconnectif \u00e0 distance n&rsquo;a pas \u00e9t\u00e9 tout \u00e0 fait comme les 2 pr\u00e9c\u00e9dents.<br>Au tout d\u00e9but, je ne sentais rien et au fur et \u00e0 mesure, j&rsquo;ai ressenti des picotements, <strong>vu de la lumi\u00e8re blanche.<br>Je me suis sentie tr\u00e8s calme avec une respiration ralentie, mon corps \u00e9tait relax\u00e9, d\u00e9tendu, lourd et une force d&rsquo;attraction le maintenait sur la table <\/strong>de massage, sans que je puisse bouger.<br>Mes mains, mes doigts, mes pieds et ma bouche \u00e9taient t\u00e9tanis\u00e9s, j&rsquo;avais la bouche tr\u00e8s s\u00e8che, sans avoir besoin de d\u00e9glutir.<br>Je me suis aper\u00e7ue que j&rsquo;ai d\u00fb perdre conscience, voir peut-\u00eatre m&rsquo;endormir, car j&rsquo;ai \u00e9t\u00e9 r\u00e9veill\u00e9e par un ressenti au niveau de ma gorge.<br>J&rsquo;ai eu l&rsquo;impression d&rsquo;\u00eatre emport\u00e9e par diff\u00e9rents r\u00eaves, sans que je m&rsquo;en souvienne par la suite, ou percevoir des paroles.<br>Je suis rest\u00e9e jusqu&rsquo;\u00e0 13h37 allong\u00e9e, je ne pouvais pas me lever avant, m\u00eame parler j&rsquo;avais du mal, cela m&rsquo;a procur\u00e9 une grande satisfaction , un grand repos relaxant.<br>Pour me lever, il a fallu que je d\u00e9tende mes paupi\u00e8res, mes doigts, mes orteils, ma bouche, tout \u00e9tait tendu et engourdi.<br><br><strong>Ce soin a \u00e9t\u00e9 extraordinaire, je ne me suis jamais sentie aussi bien.<br><br>Ma journ\u00e9e s&rsquo;est tr\u00e8s bien d\u00e9roul\u00e9e, j&rsquo;avais le moral, tr\u00e8s positive, pleine d&rsquo;\u00e9nergie, tr\u00e8s bien dans ma peau.<br>Le soir, je m&rsquo;endors bien, Bonne journ\u00e9e et merci pour ces soins.<br>Je suis heureuse d&rsquo;\u00eatre \u00ab remise sur pied\u00bb par ces soins reconnectifs et d&rsquo;aider mes proches \u00e0 aller mieux.<\/strong><\/p>\n\n\n\n<div class=\"wp-block-image\"><figure class=\"aligncenter size-large\"><img loading=\"lazy\" decoding=\"async\" width=\"333\" height=\"30\" src=\"http:\/\/sereconnecteralavie.com\/wp-content\/uploads\/2020\/11\/paragr.gif\" alt=\"\" class=\"wp-image-266\"\/><\/figure><\/div>\n","protected":false},"excerpt":{"rendered":"<p>Val\u00e9rie, le 27 mai 2017 Bonjour Catherine, Ce dernier soin reconnectif \u00e0 distance n&rsquo;a pas \u00e9t\u00e9 tout \u00e0 fait comme les 2 pr\u00e9c\u00e9dents.Au tout d\u00e9but, je ne sentais rien et au fur et \u00e0 mesure, j&rsquo;ai ressenti des picotements, vu de la lumi\u00e8re blanche.Je me suis sentie tr\u00e8s calme avec une respiration ralentie, mon corps &hellip; <\/p>\n<p class=\"link-more\"><a href=\"https:\/\/sereconnecteralavie.com\/index.php\/livre-dor\/valerie\/\" class=\"more-link\">Continuer la lecture<span class=\"screen-reader-text\"> de &laquo;&nbsp;Livre d&rsquo;or&nbsp;&raquo;<\/span><\/a><\/p>\n","protected":false},"author":1,"featured_media":0,"parent":185,"menu_order":0,"comment_status":"closed","ping_status":"closed","template":"","meta":{"footnotes":""},"class_list":["post-477","page","type-page","status-publish","hentry"],"_links":{"self":[{"href":"https:\/\/sereconnecteralavie.com\/index.php\/wp-json\/wp\/v2\/pages\/477","targetHints":{"allow":["GET"]}}],"collection":[{"href":"https:\/\/sereconnecteralavie.com\/index.php\/wp-json\/wp\/v2\/pages"}],"about":[{"href":"https:\/\/sereconnecteralavie.com\/index.php\/wp-json\/wp\/v2\/types\/page"}],"author":[{"embeddable":true,"href":"https:\/\/sereconnecteralavie.com\/index.php\/wp-json\/wp\/v2\/users\/1"}],"replies":[{"embeddable":true,"href":"https:\/\/sereconnecteralavie.com\/index.php\/wp-json\/wp\/v2\/comments?post=477"}],"version-history":[{"count":2,"href":"https:\/\/sereconnecteralavie.com\/index.php\/wp-json\/wp\/v2\/pages\/477\/revisions"}],"predecessor-version":[{"id":480,"href":"https:\/\/sereconnecteralavie.com\/index.php\/wp-json\/wp\/v2\/pages\/477\/revisions\/480"}],"up":[{"embeddable":true,"href":"https:\/\/sereconnecteralavie.com\/index.php\/wp-json\/wp\/v2\/pages\/185"}],"wp:attachment":[{"href":"https:\/\/sereconnecteralavie.com\/index.php\/wp-json\/wp\/v2\/media?parent=477"}],"curies":[{"name":"wp","href":"https:\/\/api.w.org\/{rel}","templated":true}]}}