	{"id":466,"date":"2020-11-28T13:23:37","date_gmt":"2020-11-28T12:23:37","guid":{"rendered":"http:\/\/sereconnecteralavie.com\/?page_id=466"},"modified":"2024-10-31T23:46:00","modified_gmt":"2024-10-31T22:46:00","slug":"nadine","status":"publish","type":"page","link":"https:\/\/sereconnecteralavie.com\/index.php\/livre-dor\/nadine\/","title":{"rendered":"Livre d&rsquo;or"},"content":{"rendered":"\n<div class=\"wp-block-image\"><figure class=\"aligncenter size-large\"><img loading=\"lazy\" decoding=\"async\" width=\"260\" height=\"135\" src=\"http:\/\/sereconnecteralavie.com\/wp-content\/uploads\/2020\/11\/nadine.jpg\" alt=\"\" class=\"wp-image-467\"\/><\/figure><\/div>\n\n\n\n<p><br><br>Nadine, le 2 f\u00e9vrier 2017,<strong><br>Parce que la \u00ab Reconnexion\u00a0\u00bb m\u2019a permis d\u2019\u00eatre MOI !!! je viens t\u00e9moigner\u2026<\/strong><br><br>. 333 s\u2019est affich\u00e9, une horloge s\u2019est remise \u00e0 fonctionner, je me suis sentie guid\u00e9e\u2026<br><br>. 2 ans de proc\u00e8s et en 2 soins reconnectifs tout \u00e9tait balay\u00e9, jug\u00e9 et argent r\u00e9cup\u00e9r\u00e9\u2026 <br><br>. 3 \u00e8me soin reconnectif, licenci\u00e9e et indemnis\u00e9e vont me permettre de me consacrer \u00e0 ma priorit\u00e9 :<br>th\u00e9rapeute en m\u00e9decine chinoise\u2026<br><br><strong>Puis la Reconnexion, une semaine apr\u00e8s je me sens nettoy\u00e9e du pass\u00e9 et me laisse enfin guider\u2026<br><br>Merci Catherine et Univers<\/strong><\/p>\n\n\n\n<div class=\"wp-block-image\"><figure class=\"aligncenter size-large\"><img loading=\"lazy\" decoding=\"async\" width=\"333\" height=\"30\" src=\"http:\/\/sereconnecteralavie.com\/wp-content\/uploads\/2020\/11\/paragr.gif\" alt=\"\" class=\"wp-image-266\"\/><\/figure><\/div>\n","protected":false},"excerpt":{"rendered":"<p>Nadine, le 2 f\u00e9vrier 2017,Parce que la \u00ab Reconnexion\u00a0\u00bb m\u2019a permis d\u2019\u00eatre MOI !!! je viens t\u00e9moigner\u2026 . 333 s\u2019est affich\u00e9, une horloge s\u2019est remise \u00e0 fonctionner, je me suis sentie guid\u00e9e\u2026 . 2 ans de proc\u00e8s et en 2 soins reconnectifs tout \u00e9tait balay\u00e9, jug\u00e9 et argent r\u00e9cup\u00e9r\u00e9\u2026 . 3 \u00e8me soin reconnectif, licenci\u00e9e &hellip; <\/p>\n<p class=\"link-more\"><a href=\"https:\/\/sereconnecteralavie.com\/index.php\/livre-dor\/nadine\/\" class=\"more-link\">Continuer la lecture<span class=\"screen-reader-text\"> de &laquo;&nbsp;Livre d&rsquo;or&nbsp;&raquo;<\/span><\/a><\/p>\n","protected":false},"author":1,"featured_media":0,"parent":185,"menu_order":0,"comment_status":"closed","ping_status":"closed","template":"","meta":{"footnotes":""},"class_list":["post-466","page","type-page","status-publish","hentry"],"_links":{"self":[{"href":"https:\/\/sereconnecteralavie.com\/index.php\/wp-json\/wp\/v2\/pages\/466","targetHints":{"allow":["GET"]}}],"collection":[{"href":"https:\/\/sereconnecteralavie.com\/index.php\/wp-json\/wp\/v2\/pages"}],"about":[{"href":"https:\/\/sereconnecteralavie.com\/index.php\/wp-json\/wp\/v2\/types\/page"}],"author":[{"embeddable":true,"href":"https:\/\/sereconnecteralavie.com\/index.php\/wp-json\/wp\/v2\/users\/1"}],"replies":[{"embeddable":true,"href":"https:\/\/sereconnecteralavie.com\/index.php\/wp-json\/wp\/v2\/comments?post=466"}],"version-history":[{"count":3,"href":"https:\/\/sereconnecteralavie.com\/index.php\/wp-json\/wp\/v2\/pages\/466\/revisions"}],"predecessor-version":[{"id":470,"href":"https:\/\/sereconnecteralavie.com\/index.php\/wp-json\/wp\/v2\/pages\/466\/revisions\/470"}],"up":[{"embeddable":true,"href":"https:\/\/sereconnecteralavie.com\/index.php\/wp-json\/wp\/v2\/pages\/185"}],"wp:attachment":[{"href":"https:\/\/sereconnecteralavie.com\/index.php\/wp-json\/wp\/v2\/media?parent=466"}],"curies":[{"name":"wp","href":"https:\/\/api.w.org\/{rel}","templated":true}]}}