	{"id":433,"date":"2020-11-28T12:32:44","date_gmt":"2020-11-28T11:32:44","guid":{"rendered":"http:\/\/sereconnecteralavie.com\/?page_id=433"},"modified":"2024-10-31T23:45:15","modified_gmt":"2024-10-31T22:45:15","slug":"bernard","status":"publish","type":"page","link":"https:\/\/sereconnecteralavie.com\/index.php\/livre-dor\/bernard\/","title":{"rendered":"Livre d&rsquo;or"},"content":{"rendered":"\n<div class=\"wp-block-image\"><figure class=\"aligncenter size-large\"><img loading=\"lazy\" decoding=\"async\" width=\"240\" height=\"115\" src=\"http:\/\/sereconnecteralavie.com\/wp-content\/uploads\/2020\/11\/bernard.jpg\" alt=\"\" class=\"wp-image-434\"\/><\/figure><\/div>\n\n\n\n<p>Bernard, le 18 Septembre 2016<br><br>Bonjour Catherine<br>Mon fils avait 11 ans quand je l&rsquo;ai conduis chez Catherine Cacquevel.<br>Enfant calme et sensible, il souffrait d&rsquo;un manque de confiance en lui, entravant sa scolarit\u00e9 et empoisonnant sa vie d&rsquo;enfant. Ces probl\u00e8mes trouvaient certainement leur origine dans la rencontre avec un enseignant au d\u00e9but de sa scolarit\u00e9, qui le mit en situation d&rsquo;\u00e9chec, sans qu&rsquo;il en existe de raison concr\u00e8te. De l\u00e0 naquit sans doute un manque de confiance, d&rsquo;autant plus profond\u00e9ment ancr\u00e9, qu&rsquo;il \u00e9tait impossible pour un enfant de son \u00e2ge d&rsquo;en comprendre l&rsquo;origine.<br><strong>Il suffira de deux s\u00e9ances avec Catherine, pour d\u00e9bloquer la situation. Tr\u00e8s rapidement, en douceur, la kin\u00e9siologue parvint \u00e0 faire sauter les verrous qui emprisonnaient mon fils. Aujourd&rsquo;hui, c&rsquo;est un enfant pleinement \u00e9panoui que j&rsquo;ai retrouv\u00e9.<\/strong><br>Enti\u00e8rement ouvert aux autres, il ne souffre plus de leurs regards. Son entr\u00e9e au coll\u00e8ge a ainsi pu se faire sans douleur, malgr\u00e9 le bouleversement que cela induit dans la vie d&rsquo;un \u00e9colier.<br><br>Tr\u00e8s cordialement v\u00f4tre&#8230;<\/p>\n\n\n\n<div class=\"wp-block-image\"><figure class=\"aligncenter size-large\"><img loading=\"lazy\" decoding=\"async\" width=\"333\" height=\"30\" src=\"http:\/\/sereconnecteralavie.com\/wp-content\/uploads\/2020\/11\/paragr.gif\" alt=\"\" class=\"wp-image-266\"\/><\/figure><\/div>\n","protected":false},"excerpt":{"rendered":"<p>Bernard, le 18 Septembre 2016 Bonjour CatherineMon fils avait 11 ans quand je l&rsquo;ai conduis chez Catherine Cacquevel.Enfant calme et sensible, il souffrait d&rsquo;un manque de confiance en lui, entravant sa scolarit\u00e9 et empoisonnant sa vie d&rsquo;enfant. Ces probl\u00e8mes trouvaient certainement leur origine dans la rencontre avec un enseignant au d\u00e9but de sa scolarit\u00e9, qui &hellip; <\/p>\n<p class=\"link-more\"><a href=\"https:\/\/sereconnecteralavie.com\/index.php\/livre-dor\/bernard\/\" class=\"more-link\">Continuer la lecture<span class=\"screen-reader-text\"> de &laquo;&nbsp;Livre d&rsquo;or&nbsp;&raquo;<\/span><\/a><\/p>\n","protected":false},"author":1,"featured_media":0,"parent":185,"menu_order":0,"comment_status":"closed","ping_status":"closed","template":"","meta":{"footnotes":""},"class_list":["post-433","page","type-page","status-publish","hentry"],"_links":{"self":[{"href":"https:\/\/sereconnecteralavie.com\/index.php\/wp-json\/wp\/v2\/pages\/433","targetHints":{"allow":["GET"]}}],"collection":[{"href":"https:\/\/sereconnecteralavie.com\/index.php\/wp-json\/wp\/v2\/pages"}],"about":[{"href":"https:\/\/sereconnecteralavie.com\/index.php\/wp-json\/wp\/v2\/types\/page"}],"author":[{"embeddable":true,"href":"https:\/\/sereconnecteralavie.com\/index.php\/wp-json\/wp\/v2\/users\/1"}],"replies":[{"embeddable":true,"href":"https:\/\/sereconnecteralavie.com\/index.php\/wp-json\/wp\/v2\/comments?post=433"}],"version-history":[{"count":2,"href":"https:\/\/sereconnecteralavie.com\/index.php\/wp-json\/wp\/v2\/pages\/433\/revisions"}],"predecessor-version":[{"id":436,"href":"https:\/\/sereconnecteralavie.com\/index.php\/wp-json\/wp\/v2\/pages\/433\/revisions\/436"}],"up":[{"embeddable":true,"href":"https:\/\/sereconnecteralavie.com\/index.php\/wp-json\/wp\/v2\/pages\/185"}],"wp:attachment":[{"href":"https:\/\/sereconnecteralavie.com\/index.php\/wp-json\/wp\/v2\/media?parent=433"}],"curies":[{"name":"wp","href":"https:\/\/api.w.org\/{rel}","templated":true}]}}