	{"id":418,"date":"2020-11-28T12:16:10","date_gmt":"2020-11-28T11:16:10","guid":{"rendered":"http:\/\/sereconnecteralavie.com\/?page_id=418"},"modified":"2024-10-31T23:44:55","modified_gmt":"2024-10-31T22:44:55","slug":"justine","status":"publish","type":"page","link":"https:\/\/sereconnecteralavie.com\/index.php\/livre-dor\/justine\/","title":{"rendered":"Livre d&rsquo;or"},"content":{"rendered":"\n<div class=\"wp-block-image\"><figure class=\"aligncenter size-large\"><img loading=\"lazy\" decoding=\"async\" width=\"240\" height=\"185\" src=\"http:\/\/sereconnecteralavie.com\/wp-content\/uploads\/2020\/11\/justine.jpg\" alt=\"\" class=\"wp-image-419\"\/><\/figure><\/div>\n\n\n\n<p>Justine, le 8 f\u00e9vrier 2016<br><br>Sur recommandation d&rsquo;une amie, je suis all\u00e9e consulter Mme Cacquevel en novembre 2015 parce que j&rsquo;avais un gros manque de confiance en moi, les autres personnes, coll\u00e8gues &#8230; \u00ab profitaient \u00bb un peu de ma na\u00efvet\u00e9.<br>Au fil du temps, j&rsquo;ai accumul\u00e9 des tensions qui m&rsquo;ont donn\u00e9 des douleurs au dos de plus en plus importantes.<br>Apr\u00e8s 2 consultations espac\u00e9es, j&rsquo;ai observ\u00e9 un important changement. Je suis bien plus \u00e0 l&rsquo;aise avec les autres, une confiance en moi s&rsquo;est instaur\u00e9e, j&rsquo;ose m&rsquo;affirmer.<br>Au niveau de mon corps physique, je suis lib\u00e9r\u00e9e des tensions du dos, je le sens tout l\u00e9ger.<br><br><strong>Depuis 3 semaines d\u00e9j\u00e0, les douleurs ont disparu, je me sens revivre. J&rsquo;avoue que c&rsquo;est un Vrai Bonheur.<\/strong><\/p>\n\n\n\n<div class=\"wp-block-image\"><figure class=\"aligncenter size-large\"><img loading=\"lazy\" decoding=\"async\" width=\"333\" height=\"30\" src=\"http:\/\/sereconnecteralavie.com\/wp-content\/uploads\/2020\/11\/paragr.gif\" alt=\"\" class=\"wp-image-266\"\/><\/figure><\/div>\n","protected":false},"excerpt":{"rendered":"<p>Justine, le 8 f\u00e9vrier 2016 Sur recommandation d&rsquo;une amie, je suis all\u00e9e consulter Mme Cacquevel en novembre 2015 parce que j&rsquo;avais un gros manque de confiance en moi, les autres personnes, coll\u00e8gues &#8230; \u00ab profitaient \u00bb un peu de ma na\u00efvet\u00e9.Au fil du temps, j&rsquo;ai accumul\u00e9 des tensions qui m&rsquo;ont donn\u00e9 des douleurs au dos &hellip; <\/p>\n<p class=\"link-more\"><a href=\"https:\/\/sereconnecteralavie.com\/index.php\/livre-dor\/justine\/\" class=\"more-link\">Continuer la lecture<span class=\"screen-reader-text\"> de &laquo;&nbsp;Livre d&rsquo;or&nbsp;&raquo;<\/span><\/a><\/p>\n","protected":false},"author":1,"featured_media":0,"parent":185,"menu_order":0,"comment_status":"closed","ping_status":"closed","template":"","meta":{"footnotes":""},"class_list":["post-418","page","type-page","status-publish","hentry"],"_links":{"self":[{"href":"https:\/\/sereconnecteralavie.com\/index.php\/wp-json\/wp\/v2\/pages\/418","targetHints":{"allow":["GET"]}}],"collection":[{"href":"https:\/\/sereconnecteralavie.com\/index.php\/wp-json\/wp\/v2\/pages"}],"about":[{"href":"https:\/\/sereconnecteralavie.com\/index.php\/wp-json\/wp\/v2\/types\/page"}],"author":[{"embeddable":true,"href":"https:\/\/sereconnecteralavie.com\/index.php\/wp-json\/wp\/v2\/users\/1"}],"replies":[{"embeddable":true,"href":"https:\/\/sereconnecteralavie.com\/index.php\/wp-json\/wp\/v2\/comments?post=418"}],"version-history":[{"count":2,"href":"https:\/\/sereconnecteralavie.com\/index.php\/wp-json\/wp\/v2\/pages\/418\/revisions"}],"predecessor-version":[{"id":421,"href":"https:\/\/sereconnecteralavie.com\/index.php\/wp-json\/wp\/v2\/pages\/418\/revisions\/421"}],"up":[{"embeddable":true,"href":"https:\/\/sereconnecteralavie.com\/index.php\/wp-json\/wp\/v2\/pages\/185"}],"wp:attachment":[{"href":"https:\/\/sereconnecteralavie.com\/index.php\/wp-json\/wp\/v2\/media?parent=418"}],"curies":[{"name":"wp","href":"https:\/\/api.w.org\/{rel}","templated":true}]}}