	{"id":408,"date":"2020-11-28T12:07:36","date_gmt":"2020-11-28T11:07:36","guid":{"rendered":"http:\/\/sereconnecteralavie.com\/?page_id=408"},"modified":"2024-10-31T23:44:36","modified_gmt":"2024-10-31T22:44:36","slug":"severine","status":"publish","type":"page","link":"https:\/\/sereconnecteralavie.com\/index.php\/livre-dor\/severine\/","title":{"rendered":"Livre d&rsquo;or"},"content":{"rendered":"\n<div class=\"wp-block-image\"><figure class=\"aligncenter size-large\"><img loading=\"lazy\" decoding=\"async\" width=\"220\" height=\"115\" src=\"http:\/\/sereconnecteralavie.com\/wp-content\/uploads\/2020\/11\/severine.jpg\" alt=\"\" class=\"wp-image-409\"\/><\/figure><\/div>\n\n\n\n<p>S\u00e9verine, le 23 janvier 2016<br><br>Bonjour Catherine,<br><br>J&rsquo;ai de l&rsquo;entrain, des projets dans la t\u00eate. Je me sens bien.<br>Je pense que l&rsquo;int\u00e9gration se fait petit \u00e0 petit,<br><strong>je prends de la hauteur sur ma vie priv\u00e9e, un pur bonheur. Je vois que les choses bougent autour de moi.<br><\/strong><br>Un grand merci, je ferai prochainement une s\u00e9ance courant f\u00e9vrier.<br><br>Je vous souhaite une belle journ\u00e9e.<br><br>Cordialement.<\/p>\n\n\n\n<div class=\"wp-block-image\"><figure class=\"aligncenter size-large\"><img loading=\"lazy\" decoding=\"async\" width=\"333\" height=\"30\" src=\"http:\/\/sereconnecteralavie.com\/wp-content\/uploads\/2020\/11\/paragr.gif\" alt=\"\" class=\"wp-image-266\"\/><\/figure><\/div>\n","protected":false},"excerpt":{"rendered":"<p>S\u00e9verine, le 23 janvier 2016 Bonjour Catherine, J&rsquo;ai de l&rsquo;entrain, des projets dans la t\u00eate. Je me sens bien.Je pense que l&rsquo;int\u00e9gration se fait petit \u00e0 petit,je prends de la hauteur sur ma vie priv\u00e9e, un pur bonheur. Je vois que les choses bougent autour de moi.Un grand merci, je ferai prochainement une s\u00e9ance courant &hellip; <\/p>\n<p class=\"link-more\"><a href=\"https:\/\/sereconnecteralavie.com\/index.php\/livre-dor\/severine\/\" class=\"more-link\">Continuer la lecture<span class=\"screen-reader-text\"> de &laquo;&nbsp;Livre d&rsquo;or&nbsp;&raquo;<\/span><\/a><\/p>\n","protected":false},"author":1,"featured_media":0,"parent":185,"menu_order":0,"comment_status":"closed","ping_status":"closed","template":"","meta":{"footnotes":""},"class_list":["post-408","page","type-page","status-publish","hentry"],"_links":{"self":[{"href":"https:\/\/sereconnecteralavie.com\/index.php\/wp-json\/wp\/v2\/pages\/408","targetHints":{"allow":["GET"]}}],"collection":[{"href":"https:\/\/sereconnecteralavie.com\/index.php\/wp-json\/wp\/v2\/pages"}],"about":[{"href":"https:\/\/sereconnecteralavie.com\/index.php\/wp-json\/wp\/v2\/types\/page"}],"author":[{"embeddable":true,"href":"https:\/\/sereconnecteralavie.com\/index.php\/wp-json\/wp\/v2\/users\/1"}],"replies":[{"embeddable":true,"href":"https:\/\/sereconnecteralavie.com\/index.php\/wp-json\/wp\/v2\/comments?post=408"}],"version-history":[{"count":2,"href":"https:\/\/sereconnecteralavie.com\/index.php\/wp-json\/wp\/v2\/pages\/408\/revisions"}],"predecessor-version":[{"id":411,"href":"https:\/\/sereconnecteralavie.com\/index.php\/wp-json\/wp\/v2\/pages\/408\/revisions\/411"}],"up":[{"embeddable":true,"href":"https:\/\/sereconnecteralavie.com\/index.php\/wp-json\/wp\/v2\/pages\/185"}],"wp:attachment":[{"href":"https:\/\/sereconnecteralavie.com\/index.php\/wp-json\/wp\/v2\/media?parent=408"}],"curies":[{"name":"wp","href":"https:\/\/api.w.org\/{rel}","templated":true}]}}