	{"id":398,"date":"2020-11-28T11:48:22","date_gmt":"2020-11-28T10:48:22","guid":{"rendered":"http:\/\/sereconnecteralavie.com\/?page_id=398"},"modified":"2024-10-31T23:44:24","modified_gmt":"2024-10-31T22:44:24","slug":"aurelie","status":"publish","type":"page","link":"https:\/\/sereconnecteralavie.com\/index.php\/livre-dor\/aurelie\/","title":{"rendered":"Livre d&rsquo;or"},"content":{"rendered":"\n<div class=\"wp-block-image\"><figure class=\"aligncenter size-large\"><img loading=\"lazy\" decoding=\"async\" width=\"260\" height=\"135\" src=\"http:\/\/sereconnecteralavie.com\/wp-content\/uploads\/2020\/11\/aurelie.jpg\" alt=\"\" class=\"wp-image-399\"\/><\/figure><\/div>\n\n\n\n<p>Aur\u00e9lie, le 14 D\u00e9cembre 2019<br><br>Suite \u00e0 un accident de voiture en octobre 2011, avec fracture de la colonne vert\u00e9brale qui a suscit\u00e9 une op\u00e9ration avec mise en place de plaques et vis pour une dur\u00e9e de un an, &#8230; j&rsquo;ai eu des soucis d&rsquo;estomac, de ventre, de vomissements qui sont ensuite apparus et une impossibilit\u00e9 totale de remonter dans une voiture et de conduire et beaucoup de divers inconforts au niveau de mon corps physique ( poids, mauvaise stature, d\u00e9formations &#8230;.)<br><br>En juillet 2015, mon ost\u00e9opathe m&rsquo;a conseill\u00e9e de venir consulter Mme Cacquevel. Ma d\u00e9marche pr\u00e8s d&rsquo;elle m&rsquo;a permis tr\u00e8s rapidement de <strong>r\u00e9cup\u00e9rer l&rsquo;autonomie<\/strong><br>, c&rsquo;est-\u00e0-dire de pouvoir conduire seule ou avec quelqu&rsquo;un SANS la peur sinon qui \u00e9tait toujours l\u00e0 et bien pr\u00e9sente.<br><br>En effet, apr\u00e8s quelques consultations avec Catherine,<strong>je me suis r\u00e9concili\u00e9e avec mon corps sur diff\u00e9rents plans. Il \u00e9tait r\u00e9ellement d\u00e9form\u00e9 et en deux s\u00e9ances, il s&rsquo;est \u00e9tonnamment redress\u00e9 ce qui m&rsquo;a permis de pouvoir \u00e0 nouveau le regarder et me regarder dans un miroir et aussi de l&rsquo;aimer, donc de m&rsquo;aimer.<br><br>J&rsquo;ai travaill\u00e9 la confiance en moi pour conduire sans aucune craine et sans aucune appr\u00e9hension que ce soit seule ou avec la personne avec qui j&rsquo;ai eu cet accident.<br>Je suis \u00e9tonn\u00e9e combien sur plein d&rsquo;autres horizons de ma vie professionnelle et personnelle ma vie s&rsquo;est am\u00e9lior\u00e9e, et surtout all\u00e9g\u00e9e. Une Vraie Confiance en moi me permet de m&rsquo;affirmer et d&rsquo;exister sereinement et d&rsquo;\u00eatre en Confiance avec la Vie.<\/strong><br><br>Ces soins tr\u00e8s compl\u00e9mentaires de kin\u00e9siologie et soins reconnectifs m&rsquo;ont permis de d\u00e9finitivement classer cet accident et ses cons\u00e9quences pour pouvoir m&rsquo;autoriser \u00e0 avancer et \u00e0 passer \u00e0 autre chose dans mon quotidien.<br><strong><br>Je la remercie vraiment beaucoup de m&rsquo;avoir reconnect\u00e9 \u00e0 mon \u00e9tincelle de vie &#8230;.<br>Je vais d&rsquo;ailleurs me marier dans quelques mois et je me sens l\u00e9g\u00e8re, tr\u00e8s l\u00e9g\u00e8re.<br>Je suis tr\u00e8s Heureuse et Ravie<\/strong><br>Encore Merci Catherine.<\/p>\n\n\n\n<div class=\"wp-block-image\"><figure class=\"aligncenter size-large\"><img loading=\"lazy\" decoding=\"async\" width=\"333\" height=\"30\" src=\"http:\/\/sereconnecteralavie.com\/wp-content\/uploads\/2020\/11\/paragr.gif\" alt=\"\" class=\"wp-image-266\"\/><\/figure><\/div>\n","protected":false},"excerpt":{"rendered":"<p>Aur\u00e9lie, le 14 D\u00e9cembre 2019 Suite \u00e0 un accident de voiture en octobre 2011, avec fracture de la colonne vert\u00e9brale qui a suscit\u00e9 une op\u00e9ration avec mise en place de plaques et vis pour une dur\u00e9e de un an, &#8230; j&rsquo;ai eu des soucis d&rsquo;estomac, de ventre, de vomissements qui sont ensuite apparus et une &hellip; <\/p>\n<p class=\"link-more\"><a href=\"https:\/\/sereconnecteralavie.com\/index.php\/livre-dor\/aurelie\/\" class=\"more-link\">Continuer la lecture<span class=\"screen-reader-text\"> de &laquo;&nbsp;Livre d&rsquo;or&nbsp;&raquo;<\/span><\/a><\/p>\n","protected":false},"author":1,"featured_media":0,"parent":185,"menu_order":0,"comment_status":"closed","ping_status":"closed","template":"","meta":{"footnotes":""},"class_list":["post-398","page","type-page","status-publish","hentry"],"_links":{"self":[{"href":"https:\/\/sereconnecteralavie.com\/index.php\/wp-json\/wp\/v2\/pages\/398","targetHints":{"allow":["GET"]}}],"collection":[{"href":"https:\/\/sereconnecteralavie.com\/index.php\/wp-json\/wp\/v2\/pages"}],"about":[{"href":"https:\/\/sereconnecteralavie.com\/index.php\/wp-json\/wp\/v2\/types\/page"}],"author":[{"embeddable":true,"href":"https:\/\/sereconnecteralavie.com\/index.php\/wp-json\/wp\/v2\/users\/1"}],"replies":[{"embeddable":true,"href":"https:\/\/sereconnecteralavie.com\/index.php\/wp-json\/wp\/v2\/comments?post=398"}],"version-history":[{"count":3,"href":"https:\/\/sereconnecteralavie.com\/index.php\/wp-json\/wp\/v2\/pages\/398\/revisions"}],"predecessor-version":[{"id":567,"href":"https:\/\/sereconnecteralavie.com\/index.php\/wp-json\/wp\/v2\/pages\/398\/revisions\/567"}],"up":[{"embeddable":true,"href":"https:\/\/sereconnecteralavie.com\/index.php\/wp-json\/wp\/v2\/pages\/185"}],"wp:attachment":[{"href":"https:\/\/sereconnecteralavie.com\/index.php\/wp-json\/wp\/v2\/media?parent=398"}],"curies":[{"name":"wp","href":"https:\/\/api.w.org\/{rel}","templated":true}]}}

<div class="wp-block-image"><figure class="aligncenter size-large"><img loading="lazy" decoding="async" width="260" height="135" src="http://sereconnecteralavie.com/wp-content/uploads/2020/11/aurelie.jpg" alt="" class="wp-image-399"/></figure></div>



<p>Aurélie, le 14 Décembre 2019<br><br>Suite à un accident de voiture en octobre 2011, avec fracture de la colonne vertébrale qui a suscité une opération avec mise en place de plaques et vis pour une durée de un an, &#8230; j&rsquo;ai eu des soucis d&rsquo;estomac, de ventre, de vomissements qui sont ensuite apparus et une impossibilité totale de remonter dans une voiture et de conduire et beaucoup de divers inconforts au niveau de mon corps physique ( poids, mauvaise stature, déformations &#8230;.)<br><br>En juillet 2015, mon ostéopathe m&rsquo;a conseillée de venir consulter Mme Cacquevel. Ma démarche près d&rsquo;elle m&rsquo;a permis très rapidement de <strong>récupérer l&rsquo;autonomie</strong><br>, c&rsquo;est-à-dire de pouvoir conduire seule ou avec quelqu&rsquo;un SANS la peur sinon qui était toujours là et bien présente.<br><br>En effet, après quelques consultations avec Catherine,<strong>je me suis réconciliée avec mon corps sur différents plans. Il était réellement déformé et en deux séances, il s&rsquo;est étonnamment redressé ce qui m&rsquo;a permis de pouvoir à nouveau le regarder et me regarder dans un miroir et aussi de l&rsquo;aimer, donc de m&rsquo;aimer.<br><br>J&rsquo;ai travaillé la confiance en moi pour conduire sans aucune craine et sans aucune appréhension que ce soit seule ou avec la personne avec qui j&rsquo;ai eu cet accident.<br>Je suis étonnée combien sur plein d&rsquo;autres horizons de ma vie professionnelle et personnelle ma vie s&rsquo;est améliorée, et surtout allégée. Une Vraie Confiance en moi me permet de m&rsquo;affirmer et d&rsquo;exister sereinement et d&rsquo;être en Confiance avec la Vie.</strong><br><br>Ces soins très complémentaires de kinésiologie et soins reconnectifs m&rsquo;ont permis de définitivement classer cet accident et ses conséquences pour pouvoir m&rsquo;autoriser à avancer et à passer à autre chose dans mon quotidien.<br><strong><br>Je la remercie vraiment beaucoup de m&rsquo;avoir reconnecté à mon étincelle de vie &#8230;.<br>Je vais d&rsquo;ailleurs me marier dans quelques mois et je me sens légère, très légère.<br>Je suis très Heureuse et Ravie</strong><br>Encore Merci Catherine.</p>



<div class="wp-block-image"><figure class="aligncenter size-large"><img loading="lazy" decoding="async" width="333" height="30" src="http://sereconnecteralavie.com/wp-content/uploads/2020/11/paragr.gif" alt="" class="wp-image-266"/></figure></div>

<p>Aurélie, le 14 Décembre 2019 Suite à un accident de voiture en octobre 2011, avec fracture de la colonne vertébrale qui a suscité une opération avec mise en place de plaques et vis pour une durée de un an, &#8230; j&rsquo;ai eu des soucis d&rsquo;estomac, de ventre, de vomissements qui sont ensuite apparus et une &hellip; </p>
<p class="link-more"><a href="https://sereconnecteralavie.com/index.php/livre-dor/aurelie/" class="more-link">Continuer la lecture<span class="screen-reader-text"> de &laquo;&nbsp;Livre d&rsquo;or&nbsp;&raquo;</span></a></p>
