	{"id":388,"date":"2020-11-28T11:30:22","date_gmt":"2020-11-28T10:30:22","guid":{"rendered":"http:\/\/sereconnecteralavie.com\/?page_id=388"},"modified":"2024-10-31T23:44:04","modified_gmt":"2024-10-31T22:44:04","slug":"charlotte","status":"publish","type":"page","link":"https:\/\/sereconnecteralavie.com\/index.php\/livre-dor\/charlotte\/","title":{"rendered":"Livre d&rsquo;or"},"content":{"rendered":"\n<div class=\"wp-block-image\"><figure class=\"aligncenter size-large\"><img loading=\"lazy\" decoding=\"async\" width=\"260\" height=\"135\" src=\"http:\/\/sereconnecteralavie.com\/wp-content\/uploads\/2020\/11\/charlotte.jpg\" alt=\"\" class=\"wp-image-389\"\/><\/figure><\/div>\n\n\n\n<p>Charlotte, le 28 Ao\u00fbt 2019<br><br>\u00ab Bonjour,<br>J&rsquo;esp\u00e8re que vous allez bien!! Le soleil est revenu!! Profitons de lui t&rsquo;en qu&rsquo;il est l\u00e0&#8230;<br><br>C&rsquo;est votre chien sur la photo qui se trouve sur la page praticienne de la reconnexion!!<br>Parce que c&rsquo;est un chien de lumi\u00e8re&#8230; Les chiens au pelage blanc sont des chiens qui ont \u00e9norm\u00e9ment d&rsquo;\u00e9nergies positives, si je me trompe pas!!<br>en tout les cas, il est magnifique&#8230;<br><br><strong>Madame cacquevel est une femme rare et d&rsquo;une force incroyable&#8230;<br>Elle m&rsquo;a redonn\u00e9 confiance en moi et m&rsquo;a ouvert certaines portes qui \u00e9taient ferm\u00e9es \u00e0 double tour depuis le ventre de ma maman.<\/strong><br>Je n&rsquo;ai plu peur d&rsquo;\u00e9crire et de m&rsquo;explimer devant les autres !!<br><br>Je suis cr\u00e9atrice en bijoux et confection des accessoires en tissus et autres mati\u00e8res,<br>chaque fabrication a une finition parfaite&#8230;<br>Ce qui existait pas avant&#8230;<br>Je peints des tableaux, mes traits sont plus simples et moins agressifs.<br><br><strong>J&rsquo;ai fait un trait sur mes relations toxiques naturellement pour certaines&#8230;<br>Je me sens vraiment moi et personne d&rsquo;autre&#8230;<br>Parce que j&rsquo;apprends \u00e0 m&rsquo;aimer.<\/strong><br><br><br>Je la remercie de tout mon c\u0153ur et je continue \u00e0 travailler avec Madame Cacquevel parce qu&rsquo;il y a encore du travail.<br><br>Et je suis curieuse de savoir qui est mon animal totem<br>et je veux continuer \u00e0 \u00e9voluer dans le bon sens&#8230;<br><br>Pour le moment, on a pratiqu\u00e9 deux s\u00e9ances, le travail continue de jours en jours&#8230;<br><br>MERCI<br><br><br>Je vous dis \u00e0 bient\u00f4t!! \u00bb<\/p>\n\n\n\n<div class=\"wp-block-image\"><figure class=\"aligncenter size-large\"><img loading=\"lazy\" decoding=\"async\" width=\"333\" height=\"30\" src=\"http:\/\/sereconnecteralavie.com\/wp-content\/uploads\/2020\/11\/paragr.gif\" alt=\"\" class=\"wp-image-266\"\/><\/figure><\/div>\n","protected":false},"excerpt":{"rendered":"<p>Charlotte, le 28 Ao\u00fbt 2019 \u00ab Bonjour,J&rsquo;esp\u00e8re que vous allez bien!! Le soleil est revenu!! Profitons de lui t&rsquo;en qu&rsquo;il est l\u00e0&#8230; C&rsquo;est votre chien sur la photo qui se trouve sur la page praticienne de la reconnexion!!Parce que c&rsquo;est un chien de lumi\u00e8re&#8230; Les chiens au pelage blanc sont des chiens qui ont \u00e9norm\u00e9ment &hellip; <\/p>\n<p class=\"link-more\"><a href=\"https:\/\/sereconnecteralavie.com\/index.php\/livre-dor\/charlotte\/\" class=\"more-link\">Continuer la lecture<span class=\"screen-reader-text\"> de &laquo;&nbsp;Livre d&rsquo;or&nbsp;&raquo;<\/span><\/a><\/p>\n","protected":false},"author":1,"featured_media":0,"parent":185,"menu_order":0,"comment_status":"closed","ping_status":"closed","template":"","meta":{"footnotes":""},"class_list":["post-388","page","type-page","status-publish","hentry"],"_links":{"self":[{"href":"https:\/\/sereconnecteralavie.com\/index.php\/wp-json\/wp\/v2\/pages\/388","targetHints":{"allow":["GET"]}}],"collection":[{"href":"https:\/\/sereconnecteralavie.com\/index.php\/wp-json\/wp\/v2\/pages"}],"about":[{"href":"https:\/\/sereconnecteralavie.com\/index.php\/wp-json\/wp\/v2\/types\/page"}],"author":[{"embeddable":true,"href":"https:\/\/sereconnecteralavie.com\/index.php\/wp-json\/wp\/v2\/users\/1"}],"replies":[{"embeddable":true,"href":"https:\/\/sereconnecteralavie.com\/index.php\/wp-json\/wp\/v2\/comments?post=388"}],"version-history":[{"count":3,"href":"https:\/\/sereconnecteralavie.com\/index.php\/wp-json\/wp\/v2\/pages\/388\/revisions"}],"predecessor-version":[{"id":569,"href":"https:\/\/sereconnecteralavie.com\/index.php\/wp-json\/wp\/v2\/pages\/388\/revisions\/569"}],"up":[{"embeddable":true,"href":"https:\/\/sereconnecteralavie.com\/index.php\/wp-json\/wp\/v2\/pages\/185"}],"wp:attachment":[{"href":"https:\/\/sereconnecteralavie.com\/index.php\/wp-json\/wp\/v2\/media?parent=388"}],"curies":[{"name":"wp","href":"https:\/\/api.w.org\/{rel}","templated":true}]}}