	{"id":372,"date":"2020-11-28T02:31:35","date_gmt":"2020-11-28T01:31:35","guid":{"rendered":"http:\/\/sereconnecteralavie.com\/?page_id=372"},"modified":"2024-10-31T23:43:38","modified_gmt":"2024-10-31T22:43:38","slug":"claire","status":"publish","type":"page","link":"https:\/\/sereconnecteralavie.com\/index.php\/livre-dor\/claire\/","title":{"rendered":"Livre d&rsquo;or"},"content":{"rendered":"\n<div class=\"wp-block-image\"><figure class=\"aligncenter size-large\"><img loading=\"lazy\" decoding=\"async\" width=\"260\" height=\"135\" src=\"http:\/\/sereconnecteralavie.com\/wp-content\/uploads\/2020\/11\/Claire.jpg\" alt=\"\" class=\"wp-image-373\"\/><\/figure><\/div>\n\n\n\n<p>Claire, le 16 f\u00e9vrier 2019<br><br>Ch\u00e8re Catherine,<br>J&rsquo;ai choisi de mettre en contact ma fille P\u00e9n\u00e9lope de 14 ans, autiste,<br>avec les fr\u00e9quences reconnectives que Catherine Cacquevel propose dans ses soins.<br>Apr\u00e8s avoir re\u00e7u les trois soins reconnectifs, elle a re\u00e7u sa reconnexion personnelle la semaine derni\u00e8re.<br>Les d\u00e9parts en vacances avec P\u00e9lo sont toujours tr\u00e8s intenses en pr\u00e9paration (r\u00e9gime alimentaires, m\u00e9dicaments&#8230;..etc)<br><br><strong>Je trouve P\u00e9lo plut\u00f4t calme, avec une s\u00e9r\u00e9nit\u00e9 int\u00e9rieure, peut-\u00eatre un niveau de conscience plus grand, comme la perception d&rsquo;une certaine maturit\u00e9. Pour le moment&#8230;<br>Des personnes de l&rsquo;ext\u00e9rieur me l&rsquo;ont aussi relat\u00e9.<\/strong><br>Je vous tiendrai inform\u00e9e si je note d&rsquo;autres points dans les semaines et mois \u00e0 venir.<br><br>Pour les baleines, oui \u00e0 tout ! Je vous laisse me proposer quelques dates au printemps.<br>Septembre est une bonne p\u00e9riode.<br><br>Je vous souhaite une belle apr\u00e8s-midi,<br>Bien \u00e0 vous,<br>Claire<br><\/p>\n\n\n\n<div class=\"wp-block-image\"><figure class=\"aligncenter size-large\"><img loading=\"lazy\" decoding=\"async\" width=\"333\" height=\"30\" src=\"http:\/\/sereconnecteralavie.com\/wp-content\/uploads\/2020\/11\/paragr.gif\" alt=\"\" class=\"wp-image-266\"\/><\/figure><\/div>\n","protected":false},"excerpt":{"rendered":"<p>Claire, le 16 f\u00e9vrier 2019 Ch\u00e8re Catherine,J&rsquo;ai choisi de mettre en contact ma fille P\u00e9n\u00e9lope de 14 ans, autiste,avec les fr\u00e9quences reconnectives que Catherine Cacquevel propose dans ses soins.Apr\u00e8s avoir re\u00e7u les trois soins reconnectifs, elle a re\u00e7u sa reconnexion personnelle la semaine derni\u00e8re.Les d\u00e9parts en vacances avec P\u00e9lo sont toujours tr\u00e8s intenses en pr\u00e9paration &hellip; <\/p>\n<p class=\"link-more\"><a href=\"https:\/\/sereconnecteralavie.com\/index.php\/livre-dor\/claire\/\" class=\"more-link\">Continuer la lecture<span class=\"screen-reader-text\"> de &laquo;&nbsp;Livre d&rsquo;or&nbsp;&raquo;<\/span><\/a><\/p>\n","protected":false},"author":1,"featured_media":0,"parent":185,"menu_order":0,"comment_status":"closed","ping_status":"closed","template":"","meta":{"footnotes":""},"class_list":["post-372","page","type-page","status-publish","hentry"],"_links":{"self":[{"href":"https:\/\/sereconnecteralavie.com\/index.php\/wp-json\/wp\/v2\/pages\/372","targetHints":{"allow":["GET"]}}],"collection":[{"href":"https:\/\/sereconnecteralavie.com\/index.php\/wp-json\/wp\/v2\/pages"}],"about":[{"href":"https:\/\/sereconnecteralavie.com\/index.php\/wp-json\/wp\/v2\/types\/page"}],"author":[{"embeddable":true,"href":"https:\/\/sereconnecteralavie.com\/index.php\/wp-json\/wp\/v2\/users\/1"}],"replies":[{"embeddable":true,"href":"https:\/\/sereconnecteralavie.com\/index.php\/wp-json\/wp\/v2\/comments?post=372"}],"version-history":[{"count":3,"href":"https:\/\/sereconnecteralavie.com\/index.php\/wp-json\/wp\/v2\/pages\/372\/revisions"}],"predecessor-version":[{"id":572,"href":"https:\/\/sereconnecteralavie.com\/index.php\/wp-json\/wp\/v2\/pages\/372\/revisions\/572"}],"up":[{"embeddable":true,"href":"https:\/\/sereconnecteralavie.com\/index.php\/wp-json\/wp\/v2\/pages\/185"}],"wp:attachment":[{"href":"https:\/\/sereconnecteralavie.com\/index.php\/wp-json\/wp\/v2\/media?parent=372"}],"curies":[{"name":"wp","href":"https:\/\/api.w.org\/{rel}","templated":true}]}}