	{"id":356,"date":"2020-11-28T02:12:39","date_gmt":"2020-11-28T01:12:39","guid":{"rendered":"http:\/\/sereconnecteralavie.com\/?page_id=356"},"modified":"2024-10-31T23:43:11","modified_gmt":"2024-10-31T22:43:11","slug":"nathalie","status":"publish","type":"page","link":"https:\/\/sereconnecteralavie.com\/index.php\/livre-dor\/nathalie\/","title":{"rendered":"Livre d&rsquo;or"},"content":{"rendered":"\n<div class=\"wp-block-image\"><figure class=\"aligncenter size-large\"><img loading=\"lazy\" decoding=\"async\" width=\"240\" height=\"115\" src=\"http:\/\/sereconnecteralavie.com\/wp-content\/uploads\/2020\/11\/nathalie.jpg\" alt=\"\" class=\"wp-image-357\"\/><\/figure><\/div>\n\n\n\n<p>Nathalie, le 1 er septembre 2015 RH 1<br><br>Bonjour Catherine,<br><br>Un immense merci pour le soin que tu m&rsquo;as prodigu\u00e9 samedi et <strong>qui a \u00e9t\u00e9 si puissant.<br>J&rsquo;ai \u00e9t\u00e9 tr\u00e8s touch\u00e9e par tout ce qui s&rsquo;est d\u00e9gag\u00e9 ainsi que par la qualit\u00e9 de ton soin et tenais \u00e0 t&rsquo;en remercier tout particuli\u00e8rement.<\/strong><\/p>\n\n\n\n<p>C&rsquo;\u00e9tait tellement fort qu&rsquo;il m&rsquo;a fallu m&rsquo;abandonner \u00e0 tes mains car j&rsquo;avais toute confiance. Je n&rsquo;aurais pas pu faire ce soin avec une inconnue.<br>Je suis rentr\u00e9e \u00e0 la maison et j&rsquo;avais l&rsquo;impression d&rsquo;\u00eatre sur un nuage, enfin dans un \u00e9tat inhabituel et agr\u00e9able. Je suis \u00e9galement admirative de ta fa\u00e7on dont tu m\u00e8nes tr\u00e8s courageusement ta vie professionnelle et tout ce pour lequel tu te bats et je suis sure que cela va porter ces fruits.<\/p>\n\n\n\n<p><strong>J&rsquo;ai \u00e9t\u00e9 \u00e9galement tr\u00e8s touch\u00e9e par ta sinc\u00e9rit\u00e9 et par ce que tu d\u00e9gageais.<\/strong><br><br>Je ne manquerai pas de suivre les diff\u00e9rents soins de reconnexion quand tu me l&rsquo;indiqueras ainsi que de te recommander d\u00e8s que je le pourrai car tu m\u00e9rites de r\u00e9ussir.<br><br>Je t&#8217;embrasse tr\u00e8s fort<\/p>\n\n\n\n<div class=\"wp-block-image\"><figure class=\"aligncenter size-large\"><img loading=\"lazy\" decoding=\"async\" width=\"333\" height=\"30\" src=\"http:\/\/sereconnecteralavie.com\/wp-content\/uploads\/2020\/11\/paragr.gif\" alt=\"\" class=\"wp-image-266\"\/><\/figure><\/div>\n","protected":false},"excerpt":{"rendered":"<p>Nathalie, le 1 er septembre 2015 RH 1 Bonjour Catherine, Un immense merci pour le soin que tu m&rsquo;as prodigu\u00e9 samedi et qui a \u00e9t\u00e9 si puissant.J&rsquo;ai \u00e9t\u00e9 tr\u00e8s touch\u00e9e par tout ce qui s&rsquo;est d\u00e9gag\u00e9 ainsi que par la qualit\u00e9 de ton soin et tenais \u00e0 t&rsquo;en remercier tout particuli\u00e8rement. C&rsquo;\u00e9tait tellement fort qu&rsquo;il &hellip; <\/p>\n<p class=\"link-more\"><a href=\"https:\/\/sereconnecteralavie.com\/index.php\/livre-dor\/nathalie\/\" class=\"more-link\">Continuer la lecture<span class=\"screen-reader-text\"> de &laquo;&nbsp;Livre d&rsquo;or&nbsp;&raquo;<\/span><\/a><\/p>\n","protected":false},"author":1,"featured_media":0,"parent":185,"menu_order":0,"comment_status":"closed","ping_status":"closed","template":"","meta":{"footnotes":""},"class_list":["post-356","page","type-page","status-publish","hentry"],"_links":{"self":[{"href":"https:\/\/sereconnecteralavie.com\/index.php\/wp-json\/wp\/v2\/pages\/356","targetHints":{"allow":["GET"]}}],"collection":[{"href":"https:\/\/sereconnecteralavie.com\/index.php\/wp-json\/wp\/v2\/pages"}],"about":[{"href":"https:\/\/sereconnecteralavie.com\/index.php\/wp-json\/wp\/v2\/types\/page"}],"author":[{"embeddable":true,"href":"https:\/\/sereconnecteralavie.com\/index.php\/wp-json\/wp\/v2\/users\/1"}],"replies":[{"embeddable":true,"href":"https:\/\/sereconnecteralavie.com\/index.php\/wp-json\/wp\/v2\/comments?post=356"}],"version-history":[{"count":3,"href":"https:\/\/sereconnecteralavie.com\/index.php\/wp-json\/wp\/v2\/pages\/356\/revisions"}],"predecessor-version":[{"id":574,"href":"https:\/\/sereconnecteralavie.com\/index.php\/wp-json\/wp\/v2\/pages\/356\/revisions\/574"}],"up":[{"embeddable":true,"href":"https:\/\/sereconnecteralavie.com\/index.php\/wp-json\/wp\/v2\/pages\/185"}],"wp:attachment":[{"href":"https:\/\/sereconnecteralavie.com\/index.php\/wp-json\/wp\/v2\/media?parent=356"}],"curies":[{"name":"wp","href":"https:\/\/api.w.org\/{rel}","templated":true}]}}