	{"id":243,"date":"2020-11-27T19:23:24","date_gmt":"2020-11-27T18:23:24","guid":{"rendered":"http:\/\/sereconnecteralavie.com\/?page_id=243"},"modified":"2023-05-15T21:23:10","modified_gmt":"2023-05-15T19:23:10","slug":"origine","status":"publish","type":"page","link":"https:\/\/sereconnecteralavie.com\/index.php\/reconnexion\/origine\/","title":{"rendered":"Origine"},"content":{"rendered":"\n<h2 class=\"has-text-align-center wp-block-heading\"><strong>Origine de la reconnexion\u00ae<\/strong><\/h2>\n\n\n\n<div class=\"wp-block-image\"><figure class=\"aligncenter size-large\"><img loading=\"lazy\" decoding=\"async\" width=\"240\" height=\"115\" src=\"http:\/\/sereconnecteralavie.com\/wp-content\/uploads\/2020\/11\/thdcdes.jpg\" alt=\"\" class=\"wp-image-244\"\/><\/figure><\/div>\n\n\n\n<div id=\"menug1\" class=\"arrondie\">\n\t<br>\n\t<img loading=\"lazy\" decoding=\"async\" src=\"\/wp-content\/uploads\/2020\/11\/adn.jpg\" width=\"200\" height=\"60\" border=\"0\">\n\t<br>\n\t<p style=\"font-size:18px;color:#B6D9FF;text-shadow: #0000A0 1px 1px, #0000A0 -1px 1px, #0000A0 -1px -1px, #0000A0 1px -1px;\n\tfont-weight:normal;text-align: center;\">\n\t\tQuantique et Fr\u00e9quences\n\t<\/p>\n\t<br>\n\t<table width=\"100%\" border=\"0\">\n\t\t<tbody><tr>\n\t\t\t<td onmouseover=\"this.className='survol';\" onmouseout=\"this.className='cltr';\" onclick=\"window.location='http:\/\/sereconnecteralavie.com\/index.php\/soin-reconnectif\/';\">\n\t\t\t&nbsp;&#8211; Soin reconnectif\n\t\t\t<\/td>\n\t\t<\/tr>\n\t\t<tr>\n\t\t\t<td onmouseover=\"this.className='survol';\" onmouseout=\"this.className='cltr';\" onclick=\"window.location='http:\/\/sereconnecteralavie.com\/index.php\/soin-reconnectif-a-distance\/';\">\n\t\t\t&nbsp;&#8211; Soin reconnectif \u00e0 distance\n\t\t\t<\/td>\n\t\t<\/tr>\t\n\t\t<tr>\n\t\t\t<td onmouseover=\"this.className='survol';\" onmouseout=\"this.className='cltr';\" onclick=\"window.location='http:\/\/sereconnecteralavie.com\/index.php\/reconnexion\/';\">\n\t\t\t&nbsp;&#8211; Reconnexion\n\t\t\t<\/td>\n\t\t<\/tr>\n\t\t<tr>\n\t\t\t<td onmouseover=\"this.className='survol';\" onmouseout=\"this.className='cltr';\" onclick=\"window.location='http:\/\/sereconnecteralavie.com\/index.php\/science\/';\">\n\t\t\t&nbsp;&#8211; Science\n\t\t\t<\/td>\n\t\t<\/tr>\t\n\t\t<tr>\n\t\t\t<td onmouseover=\"this.className='survol';\" onmouseout=\"this.className='cltr';\" onclick=\"window.location='http:\/\/sereconnecteralavie.com\/index.php\/origine\/';\">\n\t\t\t&nbsp;&#8211; Origine\n\t\t\t<\/td>\n\t\t<\/tr>\n\t\t<tr>\n\t\t\t<td onmouseover=\"this.className='survol';\" onmouseout=\"this.className='cltr';\" onclick=\"window.location='http:\/\/sereconnecteralavie.com\/index.php\/frequence\/';\">\n\t\t\t&nbsp;&#8211; Fr\u00e9quence\n\t\t\t<\/td>\n\t\t<\/tr>\t\n\t\t<tr>\n\t\t\t<td onmouseover=\"this.className='survol';\" onmouseout=\"this.className='cltr';\" onclick=\"window.location='http:\/\/sereconnecteralavie.com\/index.php\/les-cles-denoch\/';\">\n\t\t\t&nbsp;&#8211; Cl\u00e9s d&rsquo;Enoch\n\t\t\t<\/td>\n\t\t<\/tr>\n\t<\/tbody><\/table>\t\n\t<img loading=\"lazy\" decoding=\"async\" class=\"xcenter\" src=\"\/wp-content\/uploads\/2020\/11\/papillon.gif\" width=\"75\" height=\"60\" border=\"0\">\n<\/div>\n\n\n\n<p>Ce concept a \u00e9t\u00e9 mis au point par Eric Pearl dans les ann\u00e9es 1990. Le soin reconnectif pourrait \u00eatre une application selon la th\u00e9orie des cordes.<br>La th\u00e9orie des cordes serait le rapprochement de deux importantes th\u00e9ories :<\/p>\n\n\n\n<ul class=\"wp-block-list\"><li>la th\u00e9orie sur les principes de la m\u00e9canique quantique,<\/li><li>la th\u00e9orie sur sur la relativit\u00e9.<br>Selon celle-ci, les petits \u00e9l\u00e9ments de l&rsquo;univers ne sont pas les particules subatomiques dont nous avons tous entendu parl\u00e9, c&rsquo;est \u00e0 dire les protons, les neutrons et les \u00e9lectrons, ni m\u00eame les myst\u00e9rieuses particules que les physiciens manipulent au quotidien, c&rsquo;est \u00e0 dire les quartz, les leptons, les neutrinos, etc. A premi\u00e8re vue, les particules de l&rsquo;univers ne seraient pas des particules. Il vaudrait mieux les d\u00e9crire comme \u00e9tant des boucles de corde vibrant \u00e0 des fr\u00e9quences sp\u00e9cifiques. Ces fr\u00e9quences vibratoires d\u00e9termineraient l&rsquo;identit\u00e9 de la corde et, par cons\u00e9quent, le genre de particules auxquelles elle appartient.<br>Le principe de la reconnexion serait de r\u00e9tablir une connexion entre des brins, des brins d&rsquo;acide d\u00e9soxyribonucl\u00e9ique ou ADN.<\/li><\/ul>\n\n\n\n<div class=\"wp-block-image\"><figure class=\"aligncenter size-large is-resized\"><img loading=\"lazy\" decoding=\"async\" src=\"http:\/\/sereconnecteralavie.com\/wp-content\/uploads\/2020\/11\/paragr.gif\" alt=\"\" class=\"wp-image-266\" width=\"333\" height=\"30\"\/><\/figure><\/div>\n","protected":false},"excerpt":{"rendered":"<p>Origine de la reconnexion\u00ae Ce concept a \u00e9t\u00e9 mis au point par Eric Pearl dans les ann\u00e9es 1990. Le soin reconnectif pourrait \u00eatre une application selon la th\u00e9orie des cordes.La th\u00e9orie des cordes serait le rapprochement de deux importantes th\u00e9ories : la th\u00e9orie sur les principes de la m\u00e9canique quantique, la th\u00e9orie sur sur la &hellip; <\/p>\n<p class=\"link-more\"><a href=\"https:\/\/sereconnecteralavie.com\/index.php\/reconnexion\/origine\/\" class=\"more-link\">Continuer la lecture<span class=\"screen-reader-text\"> de &laquo;&nbsp;Origine&nbsp;&raquo;<\/span><\/a><\/p>\n","protected":false},"author":1,"featured_media":0,"parent":202,"menu_order":0,"comment_status":"closed","ping_status":"closed","template":"","meta":{"footnotes":""},"class_list":["post-243","page","type-page","status-publish","hentry"],"_links":{"self":[{"href":"https:\/\/sereconnecteralavie.com\/index.php\/wp-json\/wp\/v2\/pages\/243","targetHints":{"allow":["GET"]}}],"collection":[{"href":"https:\/\/sereconnecteralavie.com\/index.php\/wp-json\/wp\/v2\/pages"}],"about":[{"href":"https:\/\/sereconnecteralavie.com\/index.php\/wp-json\/wp\/v2\/types\/page"}],"author":[{"embeddable":true,"href":"https:\/\/sereconnecteralavie.com\/index.php\/wp-json\/wp\/v2\/users\/1"}],"replies":[{"embeddable":true,"href":"https:\/\/sereconnecteralavie.com\/index.php\/wp-json\/wp\/v2\/comments?post=243"}],"version-history":[{"count":3,"href":"https:\/\/sereconnecteralavie.com\/index.php\/wp-json\/wp\/v2\/pages\/243\/revisions"}],"predecessor-version":[{"id":277,"href":"https:\/\/sereconnecteralavie.com\/index.php\/wp-json\/wp\/v2\/pages\/243\/revisions\/277"}],"up":[{"embeddable":true,"href":"https:\/\/sereconnecteralavie.com\/index.php\/wp-json\/wp\/v2\/pages\/202"}],"wp:attachment":[{"href":"https:\/\/sereconnecteralavie.com\/index.php\/wp-json\/wp\/v2\/media?parent=243"}],"curies":[{"name":"wp","href":"https:\/\/api.w.org\/{rel}","templated":true}]}}

<h2 class="has-text-align-center wp-block-heading"><strong>Origine de la reconnexion®</strong></h2>



<div class="wp-block-image"><figure class="aligncenter size-large"><img loading="lazy" decoding="async" width="240" height="115" src="http://sereconnecteralavie.com/wp-content/uploads/2020/11/thdcdes.jpg" alt="" class="wp-image-244"/></figure></div>



<div id="menug1" class="arrondie">
	<br>
	<img loading="lazy" decoding="async" src="/wp-content/uploads/2020/11/adn.jpg" width="200" height="60" border="0">
	<br>
	<p style="font-size:18px;color:#B6D9FF;text-shadow: #0000A0 1px 1px, #0000A0 -1px 1px, #0000A0 -1px -1px, #0000A0 1px -1px;
	font-weight:normal;text-align: center;">
		Quantique et Fréquences
	</p>
	<br>
	<table width="100%" border="0">
		<tbody><tr>
			<td onmouseover="this.className='survol';" onmouseout="this.className='cltr';" onclick="window.location='http://sereconnecteralavie.com/index.php/soin-reconnectif/';">
			&nbsp;&#8211; Soin reconnectif
			</td>
		</tr>
		<tr>
			<td onmouseover="this.className='survol';" onmouseout="this.className='cltr';" onclick="window.location='http://sereconnecteralavie.com/index.php/soin-reconnectif-a-distance/';">
			&nbsp;&#8211; Soin reconnectif à distance
			</td>
		</tr>	
		<tr>
			<td onmouseover="this.className='survol';" onmouseout="this.className='cltr';" onclick="window.location='http://sereconnecteralavie.com/index.php/reconnexion/';">
			&nbsp;&#8211; Reconnexion
			</td>
		</tr>
		<tr>
			<td onmouseover="this.className='survol';" onmouseout="this.className='cltr';" onclick="window.location='http://sereconnecteralavie.com/index.php/science/';">
			&nbsp;&#8211; Science
			</td>
		</tr>	
		<tr>
			<td onmouseover="this.className='survol';" onmouseout="this.className='cltr';" onclick="window.location='http://sereconnecteralavie.com/index.php/origine/';">
			&nbsp;&#8211; Origine
			</td>
		</tr>
		<tr>
			<td onmouseover="this.className='survol';" onmouseout="this.className='cltr';" onclick="window.location='http://sereconnecteralavie.com/index.php/frequence/';">
			&nbsp;&#8211; Fréquence
			</td>
		</tr>	
		<tr>
			<td onmouseover="this.className='survol';" onmouseout="this.className='cltr';" onclick="window.location='http://sereconnecteralavie.com/index.php/les-cles-denoch/';">
			&nbsp;&#8211; Clés d&rsquo;Enoch
			</td>
		</tr>
	</tbody></table>	
	<img loading="lazy" decoding="async" class="xcenter" src="/wp-content/uploads/2020/11/papillon.gif" width="75" height="60" border="0">
</div>



<p>Ce concept a été mis au point par Eric Pearl dans les années 1990. Le soin reconnectif pourrait être une application selon la théorie des cordes.<br>La théorie des cordes serait le rapprochement de deux importantes théories :</p>



<ul class="wp-block-list"><li>la théorie sur les principes de la mécanique quantique,</li><li>la théorie sur sur la relativité.<br>Selon celle-ci, les petits éléments de l&rsquo;univers ne sont pas les particules subatomiques dont nous avons tous entendu parlé, c&rsquo;est à dire les protons, les neutrons et les électrons, ni même les mystérieuses particules que les physiciens manipulent au quotidien, c&rsquo;est à dire les quartz, les leptons, les neutrinos, etc. A première vue, les particules de l&rsquo;univers ne seraient pas des particules. Il vaudrait mieux les décrire comme étant des boucles de corde vibrant à des fréquences spécifiques. Ces fréquences vibratoires détermineraient l&rsquo;identité de la corde et, par conséquent, le genre de particules auxquelles elle appartient.<br>Le principe de la reconnexion serait de rétablir une connexion entre des brins, des brins d&rsquo;acide désoxyribonucléique ou ADN.</li></ul>



<div class="wp-block-image"><figure class="aligncenter size-large is-resized"><img loading="lazy" decoding="async" src="http://sereconnecteralavie.com/wp-content/uploads/2020/11/paragr.gif" alt="" class="wp-image-266" width="333" height="30"/></figure></div>

<p>Origine de la reconnexion® Ce concept a été mis au point par Eric Pearl dans les années 1990. Le soin reconnectif pourrait être une application selon la théorie des cordes.La théorie des cordes serait le rapprochement de deux importantes théories : la théorie sur les principes de la mécanique quantique, la théorie sur sur la &hellip; </p>
<p class="link-more"><a href="https://sereconnecteralavie.com/index.php/reconnexion/origine/" class="more-link">Continuer la lecture<span class="screen-reader-text"> de &laquo;&nbsp;Origine&nbsp;&raquo;</span></a></p>
