	{"id":237,"date":"2020-11-27T19:12:28","date_gmt":"2020-11-27T18:12:28","guid":{"rendered":"http:\/\/sereconnecteralavie.com\/?page_id=237"},"modified":"2023-05-15T21:15:46","modified_gmt":"2023-05-15T19:15:46","slug":"les-cles-denoch","status":"publish","type":"page","link":"https:\/\/sereconnecteralavie.com\/index.php\/reconnexion\/les-cles-denoch\/","title":{"rendered":"Les Cl\u00e9s d&rsquo;Enoch"},"content":{"rendered":"\n<h2 class=\"has-text-align-center wp-block-heading\"><strong>Le livre de la connaissance<\/strong><br><br><\/h2>\n\n\n\n<div id=\"menug1\" class=\"arrondie\">\n\t<br>\n\t<img loading=\"lazy\" decoding=\"async\" src=\"\/wp-content\/uploads\/2020\/11\/adn.jpg\" width=\"200\" height=\"60\" border=\"0\">\n\t<br>\n\t<p style=\"font-size:18px;color:#B6D9FF;text-shadow: #0000A0 1px 1px, #0000A0 -1px 1px, #0000A0 -1px -1px, #0000A0 1px -1px;\n\tfont-weight:normal;text-align: center;\">\n\t\tQuantique et Fr\u00e9quences\n\t<\/p>\n\t<br>\n\t<table width=\"100%\" border=\"0\">\n\t\t<tbody><tr>\n\t\t\t<td onmouseover=\"this.className='survol';\" onmouseout=\"this.className='cltr';\" onclick=\"window.location='http:\/\/sereconnecteralavie.com\/index.php\/soin-reconnectif\/';\">\n\t\t\t&nbsp;&#8211; Soin reconnectif\n\t\t\t<\/td>\n\t\t<\/tr>\n\t\t<tr>\n\t\t\t<td onmouseover=\"this.className='survol';\" onmouseout=\"this.className='cltr';\" onclick=\"window.location='http:\/\/sereconnecteralavie.com\/index.php\/soin-reconnectif-a-distance\/';\">\n\t\t\t&nbsp;&#8211; Soin reconnectif \u00e0 distance\n\t\t\t<\/td>\n\t\t<\/tr>\t\n\t\t<tr>\n\t\t\t<td onmouseover=\"this.className='survol';\" onmouseout=\"this.className='cltr';\" onclick=\"window.location='http:\/\/sereconnecteralavie.com\/index.php\/reconnexion\/';\">\n\t\t\t&nbsp;&#8211; Reconnexion\n\t\t\t<\/td>\n\t\t<\/tr>\n\t\t<tr>\n\t\t\t<td onmouseover=\"this.className='survol';\" onmouseout=\"this.className='cltr';\" onclick=\"window.location='http:\/\/sereconnecteralavie.com\/index.php\/science\/';\">\n\t\t\t&nbsp;&#8211; Science\n\t\t\t<\/td>\n\t\t<\/tr>\t\n\t\t<tr>\n\t\t\t<td onmouseover=\"this.className='survol';\" onmouseout=\"this.className='cltr';\" onclick=\"window.location='http:\/\/sereconnecteralavie.com\/index.php\/origine\/';\">\n\t\t\t&nbsp;&#8211; Origine\n\t\t\t<\/td>\n\t\t<\/tr>\n\t\t<tr>\n\t\t\t<td onmouseover=\"this.className='survol';\" onmouseout=\"this.className='cltr';\" onclick=\"window.location='http:\/\/sereconnecteralavie.com\/index.php\/frequence\/';\">\n\t\t\t&nbsp;&#8211; Fr\u00e9quence\n\t\t\t<\/td>\n\t\t<\/tr>\t\n\t\t<tr>\n\t\t\t<td onmouseover=\"this.className='survol';\" onmouseout=\"this.className='cltr';\" onclick=\"window.location='http:\/\/sereconnecteralavie.com\/index.php\/les-cles-denoch\/';\">\n\t\t\t&nbsp;&#8211; Cl\u00e9s d&rsquo;Enoch\n\t\t\t<\/td>\n\t\t<\/tr>\n\t<\/tbody><\/table>\t\n\t<img loading=\"lazy\" decoding=\"async\" class=\"xcenter\" src=\"\/wp-content\/uploads\/2020\/11\/papillon.gif\" width=\"75\" height=\"60\" border=\"0\">\n<\/div>\n\n\n\n<p><strong>La grille magn\u00e9tique plan\u00e9taire :<\/strong><\/p>\n\n\n\n<div class=\"wp-block-image\"><figure class=\"alignleft size-large\"><img loading=\"lazy\" decoding=\"async\" width=\"220\" height=\"180\" src=\"http:\/\/sereconnecteralavie.com\/wp-content\/uploads\/2020\/11\/grille.jpg\" alt=\"\" class=\"wp-image-291\"\/><\/figure><\/div>\n\n\n\n<p><br><p>La terre et l&rsquo;univers sont envelopp\u00e9s de <strong>lignes d&rsquo;acupuncture ou lignes axiatonales dites lignes de ley et de lignes axiales&#8230;.<\/strong><br><br>Le corps de la Terre est ainsi parcouru par de nombreux circuits \u00e9nerg\u00e9tiques entrelac\u00e9s \u00e0 des niveaux vibratoires \u00e9chelonn\u00e9s. Les circuits du corps humain sont tout \u00e0 fait analogues et de m\u00eame que pour la Terre, <strong>seuls certains d&rsquo;entre eux sont actifs.<br><br>Ce sont ceux qui r\u00e9gissent les activit\u00e9s courantes de l&rsquo;\u00eatre humain, associ\u00e9s aux 7 chakras majeurs.<\/strong><br><br><strong>Ainsi, nous parlons finalement de la Reconnexion des m\u00e9ridiens axiatonaux humains.<\/strong><br><br>Le ph\u00e9nom\u00e8ne de se reconnecter \u00e0 la source <strong>a \u00e9t\u00e9 \u00e9crit par JJ Urtach en 1974 dans son livre \u00ab les cl\u00e9s d&rsquo;Enoch \u00bb<\/strong><br>ou le livre de la Connaissance section 3.1.4 et 3.1.7.<br>C&rsquo;est un \u00ab\u00a0\u00a0\u00bblivre cod\u00e9\u00a0\u00bb, un texte paraphysique.<\/p><\/p>\n\n\n\n<div class=\"wp-block-image\"><figure class=\"aligncenter size-large\"><img loading=\"lazy\" decoding=\"async\" width=\"100\" height=\"165\" src=\"http:\/\/sereconnecteralavie.com\/wp-content\/uploads\/2020\/11\/enoch.jpg\" alt=\"\" class=\"wp-image-293\"\/><\/figure><\/div>\n\n\n\n<p>Il dit ainsi :<br><br><strong>\u00ab les individus peuvent \u00eatre reconnect\u00e9s par une projection de lumi\u00e8re et de l&rsquo;information avec le plan parfait \u00bb&#8230;<\/strong><br><\/p>\n\n\n\n<div class=\"wp-block-image\"><figure class=\"aligncenter size-large is-resized\"><img loading=\"lazy\" decoding=\"async\" src=\"http:\/\/sereconnecteralavie.com\/wp-content\/uploads\/2020\/11\/paragr.gif\" alt=\"\" class=\"wp-image-266\" width=\"333\" height=\"30\"\/><\/figure><\/div>\n","protected":false},"excerpt":{"rendered":"<p>Le livre de la connaissance La grille magn\u00e9tique plan\u00e9taire : La terre et l&rsquo;univers sont envelopp\u00e9s de lignes d&rsquo;acupuncture ou lignes axiatonales dites lignes de ley et de lignes axiales&#8230;. Le corps de la Terre est ainsi parcouru par de nombreux circuits \u00e9nerg\u00e9tiques entrelac\u00e9s \u00e0 des niveaux vibratoires \u00e9chelonn\u00e9s. Les circuits du corps humain sont &hellip; <\/p>\n<p class=\"link-more\"><a href=\"https:\/\/sereconnecteralavie.com\/index.php\/reconnexion\/les-cles-denoch\/\" class=\"more-link\">Continuer la lecture<span class=\"screen-reader-text\"> de &laquo;&nbsp;Les Cl\u00e9s d&rsquo;Enoch&nbsp;&raquo;<\/span><\/a><\/p>\n","protected":false},"author":1,"featured_media":0,"parent":202,"menu_order":0,"comment_status":"closed","ping_status":"closed","template":"","meta":{"footnotes":""},"class_list":["post-237","page","type-page","status-publish","hentry"],"_links":{"self":[{"href":"https:\/\/sereconnecteralavie.com\/index.php\/wp-json\/wp\/v2\/pages\/237","targetHints":{"allow":["GET"]}}],"collection":[{"href":"https:\/\/sereconnecteralavie.com\/index.php\/wp-json\/wp\/v2\/pages"}],"about":[{"href":"https:\/\/sereconnecteralavie.com\/index.php\/wp-json\/wp\/v2\/types\/page"}],"author":[{"embeddable":true,"href":"https:\/\/sereconnecteralavie.com\/index.php\/wp-json\/wp\/v2\/users\/1"}],"replies":[{"embeddable":true,"href":"https:\/\/sereconnecteralavie.com\/index.php\/wp-json\/wp\/v2\/comments?post=237"}],"version-history":[{"count":10,"href":"https:\/\/sereconnecteralavie.com\/index.php\/wp-json\/wp\/v2\/pages\/237\/revisions"}],"predecessor-version":[{"id":297,"href":"https:\/\/sereconnecteralavie.com\/index.php\/wp-json\/wp\/v2\/pages\/237\/revisions\/297"}],"up":[{"embeddable":true,"href":"https:\/\/sereconnecteralavie.com\/index.php\/wp-json\/wp\/v2\/pages\/202"}],"wp:attachment":[{"href":"https:\/\/sereconnecteralavie.com\/index.php\/wp-json\/wp\/v2\/media?parent=237"}],"curies":[{"name":"wp","href":"https:\/\/api.w.org\/{rel}","templated":true}]}}